5?
10a197
In base 2, what is 10010 - -10011010000010100100100?
10011010000010100110110
In base 4, what is 1022332320023 - -1?
1022332320030
In base 3, what is -101 + 11211000101021?
11211000100220
In base 6, what is 13044411 + -155?
13044212
In base 15, what is 316 - 7828?
-7512
In base 15, what is 2 + 7db159?
7db15b
In base 15, what is a6d0 - 47?
a688
In base 6, what is -124214 + 200034?
31420
In base 13, what is -980 + -85b7?
-9267
In base 5, what is 4 + 130311033?
130311042
In base 11, what is -4363413 - 0?
-4363413
In base 16, what is -4 + -4875b9?
-4875bd
In base 11, what is 4a95 - 66a6?
-1711
In base 7, what is 316411333 + -2?
316411331
In base 7, what is -10 - -14023231?
14023221
In base 7, what is 455603442 - -4?
455603446
In base 3, what is -1011102222200102 - -200?
-1011102222122202
In base 6, what is 4102 - -24233?
32335
In base 2, what is -10010100010110010100111111000 + 11?
-10010100010110010100111110101
In base 10, what is 5 + 8597277?
8597282
In base 15, what is -2dec26 - -109?
-2deb1c
In base 4, what is -22031 - 121030231?
-121112322
In base 9, what is 3317 + -116428?
-113111
In base 15, what is 105b106b + 2?
105b106d
In base 11, what is -895a2aa - 3?
-895a302
In base 2, what is -100001011 - 100001101?
-1000011000
In base 7, what is -203120 - 400?
-203520
In base 16, what is -6299b - f8?
-62a93
In base 10, what is 80 - 920059?
-919979
In base 10, what is -175 - -51598?
51423
In base 5, what is -120030 + -30424?
-201004
In base 12, what is -3a25680 - 2?
-3a25682
In base 8, what is 47303244 + 43?
47303307
In base 9, what is 12023121 + -7?
12023113
In base 6, what is -101031555 - -44?
-101031511
In base 8, what is 5522 + 23450?
31172
In base 3, what is -11212211121211021 - 11?
-11212211121211102
In base 9, what is 0 + 208233141?
208233141
In base 4, what is -203 + 223110130002?
223110123133
In base 3, what is -1220000111 + -111011111?
-2101011222
In base 15, what is 526d - 4a3?
4cba
In base 13, what is 299c1470 + 6?
299c1476
In base 3, what is -1000100112001 - -10211?
-1000100101020
In base 15, what is 3e3c9 + 31?
3e40a
In base 9, what is -2 + 1063481?
1063478
In base 3, what is 10121 + 2122022001212?
2122022012110
In base 14, what is -3d5924b - 1?
-3d5924c
In base 5, what is -111 + 421444214?
421444103
In base 14, what is -d8 - -3044?
2d4a
In base 2, what is -11001010101101001 - 111?
-11001010101110000
In base 5, what is -24411021 - 0?
-24411021
In base 15, what is 1 + 9529?
952a
In base 14, what is -a + -1572d1?
-1572db
In base 12, what is -11396770 - -10?
-11396760
In base 12, what is 151 + -107692?
-107541
In base 15, what is 194 + -6270?
-60cb
In base 9, what is -307856088 + -4?
-307856103
In base 10, what is -2515272 - 19?
-2515291
In base 2, what is 101001010110101101000 - -1010?
101001010110101110010
In base 9, what is -32010884 - 1?
-32010885
In base 2, what is -10 - 1001000010001010001100?
-1001000010001010001110
In base 6, what is -2113 - -135212?
133055
In base 8, what is -7020 - 7010?
-16030
In base 7, what is -4 + 15144015?
15144011
In base 15, what is 544c74 - 30?
544c44
In base 16, what is a4 + -9c87b?
-9c7d7
In base 6, what is -53 - -23453550?
23453453
In base 8, what is 12 + -24711241?
-24711227
In base 5, what is -34141 - 3042242?
-3131433
In base 11, what is 120 + 12314?
12434
In base 8, what is -163255123 - -5?
-163255116
In base 13, what is 613 - -2649c?
26ab2
In base 4, what is 131231 + -1031?
130200
In base 13, what is 2346317 + 14?
234632b
In base 4, what is -2010001 - -33321111?
31311110
In base 7, what is -14440601 - -4?
-14440564
In base 16, what is 1 + -74f9ac?
-74f9ab
In base 8, what is -3021 - -13226?
10205
In base 14, what is -bbd3a - 1?
-bbd3b
In base 9, what is 18475 - -17?
18503
In base 5, what is 10014042 + 42?
10014134
In base 5, what is 144 + -130210104?
-130204410
In base 13, what is -5 + c354a3?
c3549b
In base 10, what is -4 + -559358?
-559362
In base 9, what is 1333654843 - 2?
1333654841
In base 5, what is 20321 + 10011?
30332
In base 6, what is -3231 - -33003?
25332
In base 14, what is -12470b03 - 1?
-12470b04
In base 11, what is 20365 - 222?
20143
In base 4, what is 0 - 10021032233220?
-10021032233220
In base 3, what is 1001112021220021022 + -11?
1001112021220021011
In base 13, what is -99 - -4c69?
4ba0
In base 3, what is 12 + 1102200010002011?
1102200010002100
In base 7, what is 4453534 - -1450?
4455314
In base 14, what is -1 + -b5c48?
-b5c49
In base 14, what is 2c + -dc004?
-dbdb6
In base 10, what is 182 - 739926?
-739744
In base 11, what is 38 - 63039?
-63001
In base 12, what is 49b4b707 + 3?
49b4b70a
In base 8, what is 11 + -3016676?
-3016665
In base 7, what is 54005 - 20413?
33262
In base 7, what is -1 + -42306213?
-42306214
In base 15, what is -13a1 - 1647?
-29e8
In base 2, what is 1010101100 - 101100100110000101?
-101100011011011001
In base 10, what is -7796 - -5637?
-2159
In base 14, what is c79 + -4b72?
-3cd7
In base 9, what is 500158 - 543?
488515
In base 11, what is -41 - 199a2a76?
-199a3007
In base 6, what is -123552515 + 4?
-123552511
In base 11, what is 485 - 12125?
-11750
In base 11, what is 171 + -638756?
-638595
In base 14, what is -68dd + 13c?
-67a1
In base 15, what is -b39 + 7108?
64be
In base 12, what is 4 + -4b19a1?
-4b1999
In base 5, what is -1031442344 - -130?
-1031442214
In base 16, what is -41759 - -12a?
-4162f
In base 10, what is -26672 - -1690?
-24982
In base 12, what is 4365 + 640?
49a5
In base 2, what is 1000111001010100001001011 + -101?
1000111001010100001000110
In base 10, what is -3343596 - 44?
-3343640
In base 15, what is 28b + 13a167?
13a403
In base 10, what is 25899642 - -1?
25899643
In base 8, what is 105506547 - -5?
105506554
In base 11, what is 733 - -aa04?
10637
In base 2, what is -1001111001010 - 10010101101?
-1100001110111
In base 9, what is -4131881 + -3?
-4131884
In base 8, what is 1735773 + 3301?
1741274
In base 9, what is -5116274 - -40?
-5116234
In base 2, what is 100 - -100001101111010000001111?
100001101111010000010011
In base 16, what is 1d13 - -faf?
2cc2
In base 11, what is 129682 + -49?
129634
In base 5, what is 1040 + -2142033?
-2140443
In base 7, what is -40 - -360030364?
360030324
In base 12, what is 48 - 206b06b?
-206b023
In base 4, what is 10 - 333030332?
-333030322
In base 2, what is 101000101111110 - 101111?
101000101001111
In base 6, what is -512 + -4212415?
-4213331
In base 11, what is -327 - 7045a?
-70786
In base 4, what is -23313 - -111312000?
111222021
In base 12, what is 53a + -708?
-18a
In base 16, what is c23 - 1001?
-3de
In base 7, what is -21520553 - 3?
-21520556
In base 8, what is 6434407 - 36?
6434351
In base 6, what is 11 + -4333430?
-4333415
In base 12, what is 2 - -20a20b?
20a211
In base 15, what is d4b6 - 3a?
d47b
In base 7, what is -4610201622 - 5?
-4610201630
In base 2, what is -1101010010100010111010001 + -1?
-1101010010100010111010010
In base 15, what is 435 + 98b8?
9ced
In base 12, what is -85206 - -1b?
-851a7
In base 9, what is 76 - 273788?
-273712
In base 7, what is 536500 + -2216?
534251
In base 13, what is 2a0445 + -9?
2a0439
In base 4, what is 0 + -22333022213?
-22333022213
In base 6, what is 144505 - -244412?
433321
In base 10, what is -2300 - -18667?
16367
In base 10, what is 5 + -1488528?
-1488523
In base 13, what is -c + -471456?
-471465
In base 15, what is -bacd7 - 1d?
-bad05
In base 7, what is -14202634 + 260?
-14202344
In base 4, what is -21200000 + 20232?
-21113102
In base 9, what is 5 - -175812725?
175812731
In base 13, what is 422806 - -15?
42281b
In base 6, what is 35 - -1040525?
1041004
In base 16, what is -18 + 246d84?
246d6c
In base 10, what is 97 - -78818?
78915
In base 7, what is 33 - 124366324?
-124366261
In base 4, what is 111 + 11120013210?
11120013321
In base 11, what is 3a348 + -164?
3a194
In base 10, what is -7 + 29648411?
29648404
In base 12, what is -1 - -18073b0?
18073ab
In base 2, what is 10100110110011000010000 - -101110?
10100110110011000111110
In base 11, what is -1898021 - 30?
-1898051
In base 7, what is 156650 - -1641?
161621
In base 10, what is 10 + 1573002?
1573012
In base 13, what is -4 - -c02224b?
c022247
In base 3, what is 1122 - 2121202011112?
-2121202002220
In base 5, what is -3 + 4003201040?
4003201032
In base 15, what is -6d8ed0 + -3?
-6d8ed3
In base 2, what is 